{"id":1034,"date":"2025-01-20T17:16:25","date_gmt":"2025-01-20T16:16:25","guid":{"rendered":"https:\/\/computeasy.be\/?page_id=1034"},"modified":"2025-01-22T12:46:43","modified_gmt":"2025-01-22T11:46:43","slug":"politique-de-confidentialite","status":"publish","type":"page","link":"https:\/\/computeasy.be\/index.php\/politique-de-confidentialite\/","title":{"rendered":"Politique de confidentialit\u00e9"},"content":{"rendered":"\n<p>Politique de confidentialit\u00e9 du site Computeasy.be<\/p>\n\n\n\n<p><strong><u>I \/ L\u2019objectif de la politique de confidentialit\u00e9<\/u><\/strong><strong><u><\/u><\/strong><\/p>\n\n\n\n<p>Cette politique de confidentialit\u00e9 est \u00e9tablie dans le but d\u2019informer les utilisateurs du site Computeasy.be, poss\u00e9d\u00e9 et g\u00e9r\u00e9 par Potiez Fr\u00e9d\u00e9ric, des modalit\u00e9s suivantes :<\/p>\n\n\n\n<ul class=\"wp-block-list\">\n<li>Les donn\u00e9es personnelles recueillies par le site internet<\/li>\n\n\n\n<li>L\u2019utilisation faite de ces donn\u00e9es<\/li>\n\n\n\n<li>L\u2019acc\u00e8s \u00e0 ces donn\u00e9es<\/li>\n\n\n\n<li>Les droits que poss\u00e8dent les utilisateurs du site<\/li>\n\n\n\n<li>La politique li\u00e9e \u00e0 l\u2019utilisation de cookies<\/li>\n<\/ul>\n\n\n\n<p>Cette politique de confidentialit\u00e9 fonctionne parall\u00e8lement aux conditions g\u00e9n\u00e9rales du site Computeasy.be.<\/p>\n\n\n\n<p><strong><u>II \/ Lois applicables<\/u><\/strong><strong><u><\/u><\/strong><\/p>\n\n\n\n<p>Conform\u00e9ment au R\u00e8glement G\u00e9n\u00e9ral sur la Protection des Donn\u00e9es, cette politique de confidentialit\u00e9 est sujette aux r\u00e8glements suivants :<\/p>\n\n\n\n<p>Les donn\u00e9es personnelles sont :<\/p>\n\n\n\n<ul class=\"wp-block-list\">\n<li>trait\u00e9es de mani\u00e8re licite et transparente ;<\/li>\n\n\n\n<li>collect\u00e9es \u00e0 des fins d\u00e9termin\u00e9es, explicites et l\u00e9gitimes, et ne seront pas trait\u00e9es ult\u00e9rieurement d\u2019une mani\u00e8re incompatible avec ces fins. Conform\u00e9ment \u00e0 l\u2019article 89, paragraphe 1 du RGPD, le stockage et le traitement de ces donn\u00e9es \u00e0 des fins archivistiques dans l\u2019int\u00e9r\u00eat public, \u00e0 des fins de recherche scientifique ou historique ou \u00e0 des fins statistiques, n\u2019est pas consid\u00e9r\u00e9 comme incompatible avec les finalit\u00e9s initiales ;<\/li>\n\n\n\n<li>ad\u00e9quates, pertinentes et limit\u00e9es \u00e0 ce qui est n\u00e9cessaire dans le cadre des finalit\u00e9s pour lesquelles elles sont trait\u00e9es ;<\/li>\n\n\n\n<li>exactes, et si n\u00e9cessaires tenues \u00e0 jour. Toutes les mesures raisonnables seront prises pour corriger des donn\u00e9es incorrectes au regard de la finalit\u00e9 pour laquelle celles-si sont collect\u00e9es ;<\/li>\n\n\n\n<li>conserv\u00e9es sous une forme permettant l\u2019identification des personnes concern\u00e9es pour une dur\u00e9e suffisante pour leur traitement ;<\/li>\n\n\n\n<li>trait\u00e9es d\u2019une fa\u00e7on qui garantit la s\u00e9curit\u00e9 de celles-ci, y compris en ce qui concerne le traitement non-autoris\u00e9 ou illicite, la perte ou la destruction de ces donn\u00e9es, accidentelle ou volontaire.<\/li>\n<\/ul>\n\n\n\n<p>Le traitement des donn\u00e9es collect\u00e9es n\u2019est licite que si au moins l\u2019une des conditions suivantes est remplie:<\/p>\n\n\n\n<ul class=\"wp-block-list\">\n<li>La personne concern\u00e9e par les donn\u00e9es \u00e0 consenti au traitement de celles-ci pour une ou plusieurs finalit\u00e9s sp\u00e9cifiques.<\/li>\n\n\n\n<li>Le traitement des donn\u00e9es est n\u00e9cessaire \u00e0 l\u2019ex\u00e9cution d\u2019un contrat dont la personne concern\u00e9e est partie ou \u00e0 l\u2019ex\u00e9cution des mesures pr\u00e9contractuelles prises \u00e0 la demande de celui-ci<\/li>\n\n\n\n<li>Le traitement est n\u00e9cessaire \u00e0 la r\u00e9alisation d\u2019une obligation l\u00e9gale \u00e0 laquelle le responsable, Potiez Fr\u00e9d\u00e9ric, est soumis.<\/li>\n\n\n\n<li>Le traitement est n\u00e9cessaire \u00e0 la sauvegarde des int\u00e9r\u00eats vitaux de toute personne physique.<\/li>\n\n\n\n<li>Le traitement est n\u00e9cessaire \u00e0 la r\u00e9alisation d\u2019une mission d\u2019int\u00e9r\u00eat public dont est investi Potiez Fr\u00e9d\u00e9ric.<\/li>\n\n\n\n<li>Les traitement est n\u00e9cessaire aux fins des int\u00e9r\u00eats l\u00e9gitimes poursuivis par le responsable du traitement ou par un tiers, \u00e0 moins que ne pr\u00e9valent les int\u00e9r\u00eats, libert\u00e9s ou droits fondamentaux de la personne concern\u00e9e.<\/li>\n<\/ul>\n\n\n\n<p><strong><u>III \/ Consentement<\/u><\/strong><strong><u><\/u><\/strong><\/p>\n\n\n\n<p>En utilisant le site Compteasy.be, les utilisateurs consentent \u00e0 :<\/p>\n\n\n\n<ul class=\"wp-block-list\">\n<li>Toutes les conditions incluses dans la pr\u00e9sente politique de confidentialit\u00e9 ;<\/li>\n\n\n\n<li>La collecte, l\u2019utilisation et la conservation des donn\u00e9es list\u00e9es dans la pr\u00e9sente politique de confidentialit\u00e9.<\/li>\n<\/ul>\n\n\n\n<p><strong><u>IV \/ Donn\u00e9es personnelles collect\u00e9es<\/u><\/strong><strong><u><\/u><\/strong><\/p>\n\n\n\n<p>Lors de la navigation du site Computeasy.be, diff\u00e9rentes donn\u00e9es personnelles au sujet des utilisateurs sont collect\u00e9es.<\/p>\n\n\n\n<p><strong>Les donn\u00e9es suivantes sont collect\u00e9es de mani\u00e8re automatique :<\/strong><strong><\/strong><\/p>\n\n\n\n<p>Adresse IP<\/p>\n\n\n\n<p><strong>Les donn\u00e9es suivantes sont recueillies de mani\u00e8re non-automatique :<\/strong><strong><\/strong><\/p>\n\n\n\n<p>Vos noms, pr\u00e9noms, n\u00b0 de t\u00e9l\u00e9phone, adresse mail lorsque vous compl\u00e9tez le formulaire de r\u00e9servation d\u2019un rendez-vous en ligne ou lorsque vous vous inscrivez \u00e0 notre newsletter.<\/p>\n\n\n\n<p>En cas de commande sur notre site, seules les adresses de facturation et de livraison ne sont demand\u00e9es.<\/p>\n\n\n\n<p>Ces donn\u00e9es sont toujours recueillies avec votre accord.<\/p>\n\n\n\n<p>Aucune donn\u00e9e suppl\u00e9mentaire n\u2019est collect\u00e9e sans vous en informer au pr\u00e9alable.<\/p>\n\n\n\n<p><strong><u>V \/ Traitement de ces donn\u00e9es<\/u><\/strong><strong><u><\/u><\/strong><\/p>\n\n\n\n<p>Les donn\u00e9es personnelles recueillies sur le site computeasy.be ne sont collect\u00e9es et trait\u00e9es que dans le cadre des fins pr\u00e9cis\u00e9es dans la pr\u00e9sente politique de confidentialit\u00e9 et \/ ou dans les pages pertinentes du site. Les donn\u00e9es personnelles que nous collectons ne seront pas utilis\u00e9es \u00e0 d\u2019autres fins.<\/p>\n\n\n\n<p><strong><u>VI \/ Partage des donn\u00e9es personnelles recueillies<\/u><\/strong><strong><u><\/u><\/strong><\/p>\n\n\n\n<ul class=\"wp-block-list\">\n<li><strong>Employ\u00e9s<\/strong> : Nous pouvons ouvertement divulguer les informations aux employ\u00e9s de l\u2019entreprise Computeasy dans la mesure o\u00f9 ceux-ci en ont besoin pour poursuivre la fin pr\u00e9vue dans cette politique<\/li>\n<\/ul>\n\n\n\n<ul class=\"wp-block-list\">\n<li>Partenaires : Pour certains services, nous recourrons aux prestations de partenaires tri\u00e9s sur le volet.\u00a0 Nous nous r\u00e9servons le droit de leur communiquer vos donn\u00e9es personnels afin de r\u00e9aliser efficacement la prestation.<\/li>\n<\/ul>\n\n\n\n<p>Par ailleurs, les donn\u00e9es personnelles collect\u00e9es pourront \u00eatre partag\u00e9es :<\/p>\n\n\n\n<ul class=\"wp-block-list\">\n<li>Si l\u2019entreprise Potiez Fr\u00e9d\u00e9ric y est contrainte par la loi<\/li>\n\n\n\n<li>Si les informations sont requises pour toute proc\u00e9dure judiciaire<\/li>\n\n\n\n<li>Afin de prot\u00e9ger les droits l\u00e9gaux de l\u2019entreprise Potiez Fr\u00e9d\u00e9ric<\/li>\n<\/ul>\n\n\n\n<p>En dehors des situations pr\u00e9vues dans cette pr\u00e9sente politique, les informations personnelles ne seront en aucun cas divulgu\u00e9es ou partag\u00e9es \u00e0 des tiers.<\/p>\n\n\n\n<p><strong><u>VII \/ Stockage et protection des donn\u00e9es personnelles<\/u><\/strong><strong><u><\/u><\/strong><\/p>\n\n\n\n<p>L\u2019entreprise POTIEZ Fr\u00e9d\u00e9ric (Computeasy) ne conserve pas les donn\u00e9es personnelles plus longtemps que ce qui est n\u00e9cessaire \u00e0 la r\u00e9alisation des fins pour lesquelles elles sont collect\u00e9es.<\/p>\n\n\n\n<p>Afin de prot\u00e9ger ces donn\u00e9es, nous mettons en oeuvre les mesures suivantes :<\/p>\n\n\n\n<ul class=\"wp-block-list\">\n<li>Mise \u00e0 jour quotidienne des standards de s\u00e9curit\u00e9<\/li>\n<\/ul>\n\n\n\n<p><strong><u>VIII \/ Droits de l\u2019utilisateur<\/u><\/strong><strong><u><\/u><\/strong><\/p>\n\n\n\n<p>Conform\u00e9ment au chapitre 3, art 12-23 du RGPD, les utilisateurs du site computeasy.be ont, en ce qui concerne leurs donn\u00e9es personnelles, les droits suivants :<\/p>\n\n\n\n<ul class=\"wp-block-list\">\n<li>Droit d\u2019acc\u00e8s<\/li>\n\n\n\n<li>Droit de rectification<\/li>\n\n\n\n<li>Droit \u00e0 l\u2019effacement<\/li>\n\n\n\n<li>Droit de restreindre le traitement<\/li>\n\n\n\n<li>Droit \u00e0 la portabilit\u00e9 des donn\u00e9es<\/li>\n\n\n\n<li>Droit d\u2019objection<\/li>\n<\/ul>\n\n\n\n<p>Pour faire valoir l\u2019un de ses droits, acc\u00e9der \u00e0 vos donn\u00e9es, les modifier ou les supprimer d\u2019une quelconque mani\u00e8re, vous pouvez communiquer avec notre administrateur :<\/p>\n\n\n\n<p>Fr\u00e9d\u00e9ric Potiez- info@computeasy.be<\/p>\n\n\n\n<p><strong><u>IX \/ Politique au sujet des cookies<\/u><\/strong><strong><u><\/u><\/strong><\/p>\n\n\n\n<p>Un cookie est un fichier stock\u00e9 sur le disque dur d\u2019un utilisateur lorsqu\u2019il navigue sur un site web. Ce cookie permet de mieux conna\u00eetre les donn\u00e9es relatives aux habitudes de navigation de l\u2019utilisateur afin de lui proposer une meilleure exp\u00e9rience d\u2019utilisation.<\/p>\n\n\n\n<p>Le site www.computeasy.be peut-\u00eatre amen\u00e9 \u00e0 vous demander l\u2019acceptation des cookies pour des besoins de statistiques et d\u2019affichage. Un cookie est une information d\u00e9pos\u00e9e sur votre disque dur par le serveur du site que vous visitez.<\/p>\n\n\n\n<p>Il contient plusieurs donn\u00e9es qui sont stock\u00e9es sur votre ordinateur dans un simple fichier texte auquel un serveur acc\u00e8de pour lire et enregistrer des informations. Certaines parties de ce site ne peuvent \u00eatre fonctionnelles sans l\u2019acceptation de cookies.<\/p>\n\n\n\n<p><strong><u>X \/ Modification de la politique de confidentialit\u00e9<\/u><\/strong><strong><u><\/u><\/strong><\/p>\n\n\n\n<p>Afin de rester en accord avec la loi ou de refl\u00e9ter tout changement dans notre processus de gestion des donn\u00e9es personnelles, la pr\u00e9sente politique de confidentialit\u00e9 peut \u00eatre amen\u00e9e \u00e0 changer et \u00e0 \u00eatre modifi\u00e9e r\u00e9guli\u00e8rement. Il est recommand\u00e9 aux utilisateurs de v\u00e9rifier r\u00e9guli\u00e8rement cette politique afin de se tenir inform\u00e9s de notre politique en termes de collecte et de traitement de donn\u00e9es personnelles.<\/p>\n\n\n\n<p><strong><u>XII \/ Contact<\/u><\/strong><strong><u><\/u><\/strong><\/p>\n\n\n\n<p>POTIEZ Fr\u00e9d\u00e9ric<\/p>\n\n\n\n<p>0496\/30.28.38<\/p>\n\n\n\n<p>info@computeasy.be<\/p>\n\n\n\n<p>Computeasy participe et est conforme \u00e0 l&rsquo;ensemble des Sp\u00e9cifications et Politiques du Transparency &#038; Consent Framework de l&rsquo;IAB Europe. Il utilise la Consent Management Platform n\u00b092.<br\/><br\/><\/p>\n\n\n<p>Vous pouvez modifier vos choix \u00e0 tout moment en <a href='javascript:Sddan.cmp.displayUI()'>cliquant ici<\/a>.<\/p>\n","protected":false},"excerpt":{"rendered":"<p>Politique de confidentialit\u00e9 du site Computeasy.be I \/ L\u2019objectif de la politique de confidentialit\u00e9 Cette politique de confidentialit\u00e9 est \u00e9tablie dans le but d\u2019informer les utilisateurs du site Computeasy.be, poss\u00e9d\u00e9 et g\u00e9r\u00e9 par Potiez Fr\u00e9d\u00e9ric, des modalit\u00e9s suivantes : Cette politique de confidentialit\u00e9 fonctionne parall\u00e8lement aux conditions g\u00e9n\u00e9rales du site Computeasy.be. II \/ Lois applicables [&hellip;]<\/p>\n","protected":false},"author":1,"featured_media":0,"parent":0,"menu_order":0,"comment_status":"closed","ping_status":"closed","template":"","meta":{"footnotes":""},"class_list":["post-1034","page","type-page","status-publish","hentry"],"blocksy_meta":[],"yoast_head":"<!-- This site is optimized with the Yoast SEO plugin v27.3 - https:\/\/yoast.com\/product\/yoast-seo-wordpress\/ -->\n<title>Politique de confidentialit\u00e9 - Computeasy<\/title>\n<meta name=\"description\" content=\"Computeasy.be pr\u00e9cise la mani\u00e8re dont vos donn\u00e9es sont collect\u00e9es et stock\u00e9es sur cette page relative \u00e0 la politique de confidentialit\u00e9\" \/>\n<meta name=\"robots\" content=\"index, follow, max-snippet:-1, max-image-preview:large, max-video-preview:-1\" \/>\n<link rel=\"canonical\" href=\"https:\/\/computeasy.be\/index.php\/politique-de-confidentialite\/\" \/>\n<meta property=\"og:locale\" content=\"fr_FR\" \/>\n<meta property=\"og:type\" content=\"article\" \/>\n<meta property=\"og:title\" content=\"Politique de confidentialit\u00e9 - Computeasy\" \/>\n<meta property=\"og:description\" content=\"Computeasy.be pr\u00e9cise la mani\u00e8re dont vos donn\u00e9es sont collect\u00e9es et stock\u00e9es sur cette page relative \u00e0 la politique de confidentialit\u00e9\" \/>\n<meta property=\"og:url\" content=\"https:\/\/computeasy.be\/index.php\/politique-de-confidentialite\/\" \/>\n<meta property=\"og:site_name\" content=\"Computeasy\" \/>\n<meta property=\"article:publisher\" content=\"https:\/\/www.facebook.com\/computeasy.be\" \/>\n<meta property=\"article:modified_time\" content=\"2025-01-22T11:46:43+00:00\" \/>\n<meta name=\"twitter:card\" content=\"summary_large_image\" \/>\n<meta name=\"twitter:label1\" content=\"Dur\u00e9e de lecture estim\u00e9e\" \/>\n\t<meta name=\"twitter:data1\" content=\"6 minutes\" \/>\n<script type=\"application\/ld+json\" class=\"yoast-schema-graph\">{\"@context\":\"https:\\\/\\\/schema.org\",\"@graph\":[{\"@type\":\"WebPage\",\"@id\":\"https:\\\/\\\/computeasy.be\\\/index.php\\\/politique-de-confidentialite\\\/\",\"url\":\"https:\\\/\\\/computeasy.be\\\/index.php\\\/politique-de-confidentialite\\\/\",\"name\":\"Politique de confidentialit\u00e9 - Computeasy\",\"isPartOf\":{\"@id\":\"https:\\\/\\\/computeasy.be\\\/#website\"},\"datePublished\":\"2025-01-20T16:16:25+00:00\",\"dateModified\":\"2025-01-22T11:46:43+00:00\",\"description\":\"Computeasy.be pr\u00e9cise la mani\u00e8re dont vos donn\u00e9es sont collect\u00e9es et stock\u00e9es sur cette page relative \u00e0 la politique de confidentialit\u00e9\",\"breadcrumb\":{\"@id\":\"https:\\\/\\\/computeasy.be\\\/index.php\\\/politique-de-confidentialite\\\/#breadcrumb\"},\"inLanguage\":\"fr-FR\",\"potentialAction\":[{\"@type\":\"ReadAction\",\"target\":[\"https:\\\/\\\/computeasy.be\\\/index.php\\\/politique-de-confidentialite\\\/\"]}]},{\"@type\":\"BreadcrumbList\",\"@id\":\"https:\\\/\\\/computeasy.be\\\/index.php\\\/politique-de-confidentialite\\\/#breadcrumb\",\"itemListElement\":[{\"@type\":\"ListItem\",\"position\":1,\"name\":\"Accueil\",\"item\":\"https:\\\/\\\/computeasy.be\\\/\"},{\"@type\":\"ListItem\",\"position\":2,\"name\":\"Politique de confidentialit\u00e9\"}]},{\"@type\":\"WebSite\",\"@id\":\"https:\\\/\\\/computeasy.be\\\/#website\",\"url\":\"https:\\\/\\\/computeasy.be\\\/\",\"name\":\"Computeasy\",\"description\":\"Vente et d\u00e9pannage informatique\",\"publisher\":{\"@id\":\"https:\\\/\\\/computeasy.be\\\/#organization\"},\"potentialAction\":[{\"@type\":\"SearchAction\",\"target\":{\"@type\":\"EntryPoint\",\"urlTemplate\":\"https:\\\/\\\/computeasy.be\\\/?s={search_term_string}\"},\"query-input\":{\"@type\":\"PropertyValueSpecification\",\"valueRequired\":true,\"valueName\":\"search_term_string\"}}],\"inLanguage\":\"fr-FR\"},{\"@type\":\"Organization\",\"@id\":\"https:\\\/\\\/computeasy.be\\\/#organization\",\"name\":\"Computeasy\",\"alternateName\":\"POTIEZ Fr\u00e9d\u00e9ric\",\"url\":\"https:\\\/\\\/computeasy.be\\\/\",\"logo\":{\"@type\":\"ImageObject\",\"inLanguage\":\"fr-FR\",\"@id\":\"https:\\\/\\\/computeasy.be\\\/#\\\/schema\\\/logo\\\/image\\\/\",\"url\":\"http:\\\/\\\/computeasy.be\\\/wp-content\\\/uploads\\\/2025\\\/01\\\/Logo-site-2025.png\",\"contentUrl\":\"http:\\\/\\\/computeasy.be\\\/wp-content\\\/uploads\\\/2025\\\/01\\\/Logo-site-2025.png\",\"width\":170,\"height\":45,\"caption\":\"Computeasy\"},\"image\":{\"@id\":\"https:\\\/\\\/computeasy.be\\\/#\\\/schema\\\/logo\\\/image\\\/\"},\"sameAs\":[\"https:\\\/\\\/www.facebook.com\\\/computeasy.be\"]}]}<\/script>\n<!-- \/ Yoast SEO plugin. -->","yoast_head_json":{"title":"Politique de confidentialit\u00e9 - Computeasy","description":"Computeasy.be pr\u00e9cise la mani\u00e8re dont vos donn\u00e9es sont collect\u00e9es et stock\u00e9es sur cette page relative \u00e0 la politique de confidentialit\u00e9","robots":{"index":"index","follow":"follow","max-snippet":"max-snippet:-1","max-image-preview":"max-image-preview:large","max-video-preview":"max-video-preview:-1"},"canonical":"https:\/\/computeasy.be\/index.php\/politique-de-confidentialite\/","og_locale":"fr_FR","og_type":"article","og_title":"Politique de confidentialit\u00e9 - Computeasy","og_description":"Computeasy.be pr\u00e9cise la mani\u00e8re dont vos donn\u00e9es sont collect\u00e9es et stock\u00e9es sur cette page relative \u00e0 la politique de confidentialit\u00e9","og_url":"https:\/\/computeasy.be\/index.php\/politique-de-confidentialite\/","og_site_name":"Computeasy","article_publisher":"https:\/\/www.facebook.com\/computeasy.be","article_modified_time":"2025-01-22T11:46:43+00:00","twitter_card":"summary_large_image","twitter_misc":{"Dur\u00e9e de lecture estim\u00e9e":"6 minutes"},"schema":{"@context":"https:\/\/schema.org","@graph":[{"@type":"WebPage","@id":"https:\/\/computeasy.be\/index.php\/politique-de-confidentialite\/","url":"https:\/\/computeasy.be\/index.php\/politique-de-confidentialite\/","name":"Politique de confidentialit\u00e9 - Computeasy","isPartOf":{"@id":"https:\/\/computeasy.be\/#website"},"datePublished":"2025-01-20T16:16:25+00:00","dateModified":"2025-01-22T11:46:43+00:00","description":"Computeasy.be pr\u00e9cise la mani\u00e8re dont vos donn\u00e9es sont collect\u00e9es et stock\u00e9es sur cette page relative \u00e0 la politique de confidentialit\u00e9","breadcrumb":{"@id":"https:\/\/computeasy.be\/index.php\/politique-de-confidentialite\/#breadcrumb"},"inLanguage":"fr-FR","potentialAction":[{"@type":"ReadAction","target":["https:\/\/computeasy.be\/index.php\/politique-de-confidentialite\/"]}]},{"@type":"BreadcrumbList","@id":"https:\/\/computeasy.be\/index.php\/politique-de-confidentialite\/#breadcrumb","itemListElement":[{"@type":"ListItem","position":1,"name":"Accueil","item":"https:\/\/computeasy.be\/"},{"@type":"ListItem","position":2,"name":"Politique de confidentialit\u00e9"}]},{"@type":"WebSite","@id":"https:\/\/computeasy.be\/#website","url":"https:\/\/computeasy.be\/","name":"Computeasy","description":"Vente et d\u00e9pannage informatique","publisher":{"@id":"https:\/\/computeasy.be\/#organization"},"potentialAction":[{"@type":"SearchAction","target":{"@type":"EntryPoint","urlTemplate":"https:\/\/computeasy.be\/?s={search_term_string}"},"query-input":{"@type":"PropertyValueSpecification","valueRequired":true,"valueName":"search_term_string"}}],"inLanguage":"fr-FR"},{"@type":"Organization","@id":"https:\/\/computeasy.be\/#organization","name":"Computeasy","alternateName":"POTIEZ Fr\u00e9d\u00e9ric","url":"https:\/\/computeasy.be\/","logo":{"@type":"ImageObject","inLanguage":"fr-FR","@id":"https:\/\/computeasy.be\/#\/schema\/logo\/image\/","url":"http:\/\/computeasy.be\/wp-content\/uploads\/2025\/01\/Logo-site-2025.png","contentUrl":"http:\/\/computeasy.be\/wp-content\/uploads\/2025\/01\/Logo-site-2025.png","width":170,"height":45,"caption":"Computeasy"},"image":{"@id":"https:\/\/computeasy.be\/#\/schema\/logo\/image\/"},"sameAs":["https:\/\/www.facebook.com\/computeasy.be"]}]}},"_links":{"self":[{"href":"https:\/\/computeasy.be\/index.php\/wp-json\/wp\/v2\/pages\/1034","targetHints":{"allow":["GET"]}}],"collection":[{"href":"https:\/\/computeasy.be\/index.php\/wp-json\/wp\/v2\/pages"}],"about":[{"href":"https:\/\/computeasy.be\/index.php\/wp-json\/wp\/v2\/types\/page"}],"author":[{"embeddable":true,"href":"https:\/\/computeasy.be\/index.php\/wp-json\/wp\/v2\/users\/1"}],"replies":[{"embeddable":true,"href":"https:\/\/computeasy.be\/index.php\/wp-json\/wp\/v2\/comments?post=1034"}],"version-history":[{"count":6,"href":"https:\/\/computeasy.be\/index.php\/wp-json\/wp\/v2\/pages\/1034\/revisions"}],"predecessor-version":[{"id":1152,"href":"https:\/\/computeasy.be\/index.php\/wp-json\/wp\/v2\/pages\/1034\/revisions\/1152"}],"wp:attachment":[{"href":"https:\/\/computeasy.be\/index.php\/wp-json\/wp\/v2\/media?parent=1034"}],"curies":[{"name":"wp","href":"https:\/\/api.w.org\/{rel}","templated":true}]}}