{"id":995,"date":"2025-01-18T17:59:18","date_gmt":"2025-01-18T16:59:18","guid":{"rendered":"https:\/\/computeasy.be\/index.php\/wp-booking-calendar\/"},"modified":"2026-04-13T08:32:08","modified_gmt":"2026-04-13T06:32:08","slug":"rdv-computeasy","status":"publish","type":"page","link":"https:\/\/computeasy.be\/index.php\/rdv-computeasy\/","title":{"rendered":"Prendre rendez-vous"},"content":{"rendered":"\n<p>Etant en activit\u00e9 compl\u00e9mentaire \u00e0 partir du 20 avril 2026, les prises de rendez-vous ne se feront que par t\u00e9l\u00e9phone.  <\/p>\n\n\n\n<p>Une priorit\u00e9 sera accord\u00e9e aux professionnels ainsi qu&rsquo;\u00e0 ma client\u00e8le fid\u00e8le depuis plus de 11 ans.<\/p>\n\n\n\n<p>Je ne serai pas joignable directement au 0496\/30.28.38 de 8 h 30 \u00e0 17 h 30 mais vous pouvez me laisser un message sur la bo\u00eete vocale pendant ces cr\u00e9neaux horaires, je vous rappellerai \u00e0 partir de 17 h 30.  Seules les personnes qui auront laiss\u00e9 un message auront une suite.<\/p>\n\n\n\n<p>En vous remerciant de votre compr\u00e9hension,<\/p>\n\n\n\n<p>Bien \u00e0 vous.<\/p>\n\n\n\n<p>Fr\u00e9d\u00e9ric Potiez <\/p>\n","protected":false},"excerpt":{"rendered":"<p>Etant en activit\u00e9 compl\u00e9mentaire \u00e0 partir du 20 avril 2026, les prises de rendez-vous ne se feront que par t\u00e9l\u00e9phone. Une priorit\u00e9 sera accord\u00e9e aux professionnels ainsi qu&rsquo;\u00e0 ma client\u00e8le fid\u00e8le depuis plus de 11 ans. Je ne serai pas joignable directement au 0496\/30.28.38 de 8 h 30 \u00e0 17 h 30 mais vous pouvez [&hellip;]<\/p>\n","protected":false},"author":1,"featured_media":0,"parent":0,"menu_order":0,"comment_status":"closed","ping_status":"closed","template":"","meta":{"footnotes":""},"class_list":["post-995","page","type-page","status-publish","hentry"],"blocksy_meta":[],"yoast_head":"<!-- This site is optimized with the Yoast SEO plugin v27.5 - https:\/\/yoast.com\/product\/yoast-seo-wordpress\/ -->\n<title>Prendre rendez-vous - Computeasy<\/title>\n<meta name=\"description\" content=\"Computeasy ne re\u00e7oit que sur rendez-vous et vous offre la possibilit\u00e9 de r\u00e9server un rendez-vous en fonction de vos disponibilit\u00e9s.\" \/>\n<meta name=\"robots\" content=\"index, follow, max-snippet:-1, max-image-preview:large, max-video-preview:-1\" \/>\n<link rel=\"canonical\" href=\"https:\/\/computeasy.be\/index.php\/rdv-computeasy\/\" \/>\n<meta property=\"og:locale\" content=\"fr_FR\" \/>\n<meta property=\"og:type\" content=\"article\" \/>\n<meta property=\"og:title\" content=\"Prendre rendez-vous - Computeasy\" \/>\n<meta property=\"og:description\" content=\"Computeasy ne re\u00e7oit que sur rendez-vous et vous offre la possibilit\u00e9 de r\u00e9server un rendez-vous en fonction de vos disponibilit\u00e9s.\" \/>\n<meta property=\"og:url\" content=\"https:\/\/computeasy.be\/index.php\/rdv-computeasy\/\" \/>\n<meta property=\"og:site_name\" content=\"Computeasy\" \/>\n<meta property=\"article:publisher\" content=\"https:\/\/www.facebook.com\/computeasy.be\" \/>\n<meta property=\"article:modified_time\" content=\"2026-04-13T06:32:08+00:00\" \/>\n<meta name=\"twitter:card\" content=\"summary_large_image\" \/>\n<meta name=\"twitter:label1\" content=\"Dur\u00e9e de lecture estim\u00e9e\" \/>\n\t<meta name=\"twitter:data1\" content=\"1 minute\" \/>\n<script type=\"application\/ld+json\" class=\"yoast-schema-graph\">{\"@context\":\"https:\\\/\\\/schema.org\",\"@graph\":[{\"@type\":\"WebPage\",\"@id\":\"https:\\\/\\\/computeasy.be\\\/index.php\\\/rdv-computeasy\\\/\",\"url\":\"https:\\\/\\\/computeasy.be\\\/index.php\\\/rdv-computeasy\\\/\",\"name\":\"Prendre rendez-vous - Computeasy\",\"isPartOf\":{\"@id\":\"https:\\\/\\\/computeasy.be\\\/#website\"},\"datePublished\":\"2025-01-18T16:59:18+00:00\",\"dateModified\":\"2026-04-13T06:32:08+00:00\",\"description\":\"Computeasy ne re\u00e7oit que sur rendez-vous et vous offre la possibilit\u00e9 de r\u00e9server un rendez-vous en fonction de vos disponibilit\u00e9s.\",\"breadcrumb\":{\"@id\":\"https:\\\/\\\/computeasy.be\\\/index.php\\\/rdv-computeasy\\\/#breadcrumb\"},\"inLanguage\":\"fr-FR\",\"potentialAction\":[{\"@type\":\"ReadAction\",\"target\":[\"https:\\\/\\\/computeasy.be\\\/index.php\\\/rdv-computeasy\\\/\"]}]},{\"@type\":\"BreadcrumbList\",\"@id\":\"https:\\\/\\\/computeasy.be\\\/index.php\\\/rdv-computeasy\\\/#breadcrumb\",\"itemListElement\":[{\"@type\":\"ListItem\",\"position\":1,\"name\":\"Accueil\",\"item\":\"https:\\\/\\\/computeasy.be\\\/\"},{\"@type\":\"ListItem\",\"position\":2,\"name\":\"Prendre rendez-vous\"}]},{\"@type\":\"WebSite\",\"@id\":\"https:\\\/\\\/computeasy.be\\\/#website\",\"url\":\"https:\\\/\\\/computeasy.be\\\/\",\"name\":\"Computeasy\",\"description\":\"Vente et d\u00e9pannage informatique\",\"publisher\":{\"@id\":\"https:\\\/\\\/computeasy.be\\\/#organization\"},\"potentialAction\":[{\"@type\":\"SearchAction\",\"target\":{\"@type\":\"EntryPoint\",\"urlTemplate\":\"https:\\\/\\\/computeasy.be\\\/?s={search_term_string}\"},\"query-input\":{\"@type\":\"PropertyValueSpecification\",\"valueRequired\":true,\"valueName\":\"search_term_string\"}}],\"inLanguage\":\"fr-FR\"},{\"@type\":\"Organization\",\"@id\":\"https:\\\/\\\/computeasy.be\\\/#organization\",\"name\":\"Computeasy\",\"alternateName\":\"POTIEZ Fr\u00e9d\u00e9ric\",\"url\":\"https:\\\/\\\/computeasy.be\\\/\",\"logo\":{\"@type\":\"ImageObject\",\"inLanguage\":\"fr-FR\",\"@id\":\"https:\\\/\\\/computeasy.be\\\/#\\\/schema\\\/logo\\\/image\\\/\",\"url\":\"http:\\\/\\\/computeasy.be\\\/wp-content\\\/uploads\\\/2025\\\/01\\\/Logo-site-2025.png\",\"contentUrl\":\"http:\\\/\\\/computeasy.be\\\/wp-content\\\/uploads\\\/2025\\\/01\\\/Logo-site-2025.png\",\"width\":170,\"height\":45,\"caption\":\"Computeasy\"},\"image\":{\"@id\":\"https:\\\/\\\/computeasy.be\\\/#\\\/schema\\\/logo\\\/image\\\/\"},\"sameAs\":[\"https:\\\/\\\/www.facebook.com\\\/computeasy.be\"]}]}<\/script>\n<!-- \/ Yoast SEO plugin. -->","yoast_head_json":{"title":"Prendre rendez-vous - Computeasy","description":"Computeasy ne re\u00e7oit que sur rendez-vous et vous offre la possibilit\u00e9 de r\u00e9server un rendez-vous en fonction de vos disponibilit\u00e9s.","robots":{"index":"index","follow":"follow","max-snippet":"max-snippet:-1","max-image-preview":"max-image-preview:large","max-video-preview":"max-video-preview:-1"},"canonical":"https:\/\/computeasy.be\/index.php\/rdv-computeasy\/","og_locale":"fr_FR","og_type":"article","og_title":"Prendre rendez-vous - Computeasy","og_description":"Computeasy ne re\u00e7oit que sur rendez-vous et vous offre la possibilit\u00e9 de r\u00e9server un rendez-vous en fonction de vos disponibilit\u00e9s.","og_url":"https:\/\/computeasy.be\/index.php\/rdv-computeasy\/","og_site_name":"Computeasy","article_publisher":"https:\/\/www.facebook.com\/computeasy.be","article_modified_time":"2026-04-13T06:32:08+00:00","twitter_card":"summary_large_image","twitter_misc":{"Dur\u00e9e de lecture estim\u00e9e":"1 minute"},"schema":{"@context":"https:\/\/schema.org","@graph":[{"@type":"WebPage","@id":"https:\/\/computeasy.be\/index.php\/rdv-computeasy\/","url":"https:\/\/computeasy.be\/index.php\/rdv-computeasy\/","name":"Prendre rendez-vous - Computeasy","isPartOf":{"@id":"https:\/\/computeasy.be\/#website"},"datePublished":"2025-01-18T16:59:18+00:00","dateModified":"2026-04-13T06:32:08+00:00","description":"Computeasy ne re\u00e7oit que sur rendez-vous et vous offre la possibilit\u00e9 de r\u00e9server un rendez-vous en fonction de vos disponibilit\u00e9s.","breadcrumb":{"@id":"https:\/\/computeasy.be\/index.php\/rdv-computeasy\/#breadcrumb"},"inLanguage":"fr-FR","potentialAction":[{"@type":"ReadAction","target":["https:\/\/computeasy.be\/index.php\/rdv-computeasy\/"]}]},{"@type":"BreadcrumbList","@id":"https:\/\/computeasy.be\/index.php\/rdv-computeasy\/#breadcrumb","itemListElement":[{"@type":"ListItem","position":1,"name":"Accueil","item":"https:\/\/computeasy.be\/"},{"@type":"ListItem","position":2,"name":"Prendre rendez-vous"}]},{"@type":"WebSite","@id":"https:\/\/computeasy.be\/#website","url":"https:\/\/computeasy.be\/","name":"Computeasy","description":"Vente et d\u00e9pannage informatique","publisher":{"@id":"https:\/\/computeasy.be\/#organization"},"potentialAction":[{"@type":"SearchAction","target":{"@type":"EntryPoint","urlTemplate":"https:\/\/computeasy.be\/?s={search_term_string}"},"query-input":{"@type":"PropertyValueSpecification","valueRequired":true,"valueName":"search_term_string"}}],"inLanguage":"fr-FR"},{"@type":"Organization","@id":"https:\/\/computeasy.be\/#organization","name":"Computeasy","alternateName":"POTIEZ Fr\u00e9d\u00e9ric","url":"https:\/\/computeasy.be\/","logo":{"@type":"ImageObject","inLanguage":"fr-FR","@id":"https:\/\/computeasy.be\/#\/schema\/logo\/image\/","url":"http:\/\/computeasy.be\/wp-content\/uploads\/2025\/01\/Logo-site-2025.png","contentUrl":"http:\/\/computeasy.be\/wp-content\/uploads\/2025\/01\/Logo-site-2025.png","width":170,"height":45,"caption":"Computeasy"},"image":{"@id":"https:\/\/computeasy.be\/#\/schema\/logo\/image\/"},"sameAs":["https:\/\/www.facebook.com\/computeasy.be"]}]}},"_links":{"self":[{"href":"https:\/\/computeasy.be\/index.php\/wp-json\/wp\/v2\/pages\/995","targetHints":{"allow":["GET"]}}],"collection":[{"href":"https:\/\/computeasy.be\/index.php\/wp-json\/wp\/v2\/pages"}],"about":[{"href":"https:\/\/computeasy.be\/index.php\/wp-json\/wp\/v2\/types\/page"}],"author":[{"embeddable":true,"href":"https:\/\/computeasy.be\/index.php\/wp-json\/wp\/v2\/users\/1"}],"replies":[{"embeddable":true,"href":"https:\/\/computeasy.be\/index.php\/wp-json\/wp\/v2\/comments?post=995"}],"version-history":[{"count":2,"href":"https:\/\/computeasy.be\/index.php\/wp-json\/wp\/v2\/pages\/995\/revisions"}],"predecessor-version":[{"id":1376,"href":"https:\/\/computeasy.be\/index.php\/wp-json\/wp\/v2\/pages\/995\/revisions\/1376"}],"wp:attachment":[{"href":"https:\/\/computeasy.be\/index.php\/wp-json\/wp\/v2\/media?parent=995"}],"curies":[{"name":"wp","href":"https:\/\/api.w.org\/{rel}","templated":true}]}}